{"id":673,"date":"2012-05-31T11:45:46","date_gmt":"2012-05-31T10:45:46","guid":{"rendered":"http:\/\/noble.oobe.pl\/index.php"},"modified":"2022-04-14T15:24:19","modified_gmt":"2022-04-14T14:24:19","slug":"audio","status":"publish","type":"page","link":"http:\/\/purplecat.oobe.pl\/index.php\/audio","title":{"rendered":"AUDIO"},"content":{"rendered":"<p>Lista p\u0142yt do pobrania:<\/p>\n<p><a href=\"http:\/\/www.neurotechnologia.pl\/bestnews\/uid\/tester_1_tlid_38\">Nieograniczone Mo\u017cliwo\u015bci i G\u0142\u0119bsze Zrozumienie: Deep Trance<br><img decoding=\"async\" src=\"http:\/\/lavenmint.pl\/images\/uploads\/trans2229377.png\" alt=\"\"><\/a><\/p>\n<p><a href=\"http:\/\/purplecat.oobe.pl\/index.php\/wprowadzanie-sie-w-stan-transu.html\">Moja opinia na temat tego transu tutaj.<\/a><\/p>\n<p><a href=\"http:\/\/www.neurotechnologia.pl\/bestnews\/uid\/tester_1_tlid_39\"><br>Swobodny Lot: Free Flight<br><img decoding=\"async\" src=\"http:\/\/lavenmint.pl\/images\/uploads\/CaymayaSwobodnyLot377.png\" alt=\"\"><\/a><\/p>\n<p><a href=\"http:\/\/www.neurotechnologia.pl\/bestnews\/uid\/tester_1_tlid_37\"><br>Pod\u015bwiadome Zwi\u0119kszenie Si\u0142y Skupienia i Lepsza Pami\u0119\u0107: Relaxed Focus<br><img decoding=\"async\" src=\"http:\/\/lavenmint.pl\/images\/uploads\/MemoryFocusv32v24377.png\" alt=\"\"><\/a><\/p>\n<p><a href=\"http:\/\/purplecat.oobe.pl\/index.php\/motywacja-do-oobe.html\">Recenzja Nagrania na Skupienie<\/a><\/p>\n\n\n\n\n<br><center><a href=\"https:\/\/play.google.com\/store\/apps\/details?id=com.biofeedbacklabs.relaksacja\"><img loading=\"lazy\" decoding=\"async\" src=\"https:\/\/relaksacja.pl\/blog\/wp-content\/uploads\/2017\/01\/pobierzzgoogleplay.png\" alt=\"\" width=\"269\" height=\"82\"><\/a><br\/><\/br><a href=\"https:\/\/apps.apple.com\/us\/app\/relaksacja-medytacja-i-sen\/id1596500386?itsct=apps_box_badge&amp;itscg=30200\" style=\"display: inline-block; overflow: hidden; border-radius: 13px; width: 250px; height: 83px;\"><img decoding=\"async\" src=\"https:\/\/tools.applemediaservices.com\/api\/badges\/download-on-the-app-store\/white\/pl-pl?size=250x83&amp;releaseDate=1641340800&amp;h=cdc4d381107f53861256d18de6c9523c\" alt=\"Download on the App Store\" style=\"border-radius: 13px; width: 250px; height: 83px;\"><\/a><\/center>\n","protected":false},"excerpt":{"rendered":"<p>Lista p\u0142yt do pobrania: Nieograniczone Mo\u017cliwo\u015bci i G\u0142\u0119bsze Zrozumienie: Deep Trance Moja opinia na temat tego transu tutaj. Swobodny Lot: Free Flight Pod\u015bwiadome Zwi\u0119kszenie Si\u0142y Skupienia i Lepsza Pami\u0119\u0107: Relaxed Focus Recenzja Nagrania na Skupienie<\/p>\n","protected":false},"author":2,"featured_media":0,"parent":0,"menu_order":4,"comment_status":"open","ping_status":"open","template":"","meta":{"footnotes":""},"class_list":["post-673","page","type-page","status-publish","hentry"],"_links":{"self":[{"href":"http:\/\/purplecat.oobe.pl\/index.php\/wp-json\/wp\/v2\/pages\/673","targetHints":{"allow":["GET"]}}],"collection":[{"href":"http:\/\/purplecat.oobe.pl\/index.php\/wp-json\/wp\/v2\/pages"}],"about":[{"href":"http:\/\/purplecat.oobe.pl\/index.php\/wp-json\/wp\/v2\/types\/page"}],"author":[{"embeddable":true,"href":"http:\/\/purplecat.oobe.pl\/index.php\/wp-json\/wp\/v2\/users\/2"}],"replies":[{"embeddable":true,"href":"http:\/\/purplecat.oobe.pl\/index.php\/wp-json\/wp\/v2\/comments?post=673"}],"version-history":[{"count":38,"href":"http:\/\/purplecat.oobe.pl\/index.php\/wp-json\/wp\/v2\/pages\/673\/revisions"}],"predecessor-version":[{"id":1133,"href":"http:\/\/purplecat.oobe.pl\/index.php\/wp-json\/wp\/v2\/pages\/673\/revisions\/1133"}],"wp:attachment":[{"href":"http:\/\/purplecat.oobe.pl\/index.php\/wp-json\/wp\/v2\/media?parent=673"}],"curies":[{"name":"wp","href":"https:\/\/api.w.org\/{rel}","templated":true}]}}