{"id":570,"date":"2012-04-29T20:11:11","date_gmt":"2012-04-29T19:11:11","guid":{"rendered":"http:\/\/noble.oobe.pl\/index.php"},"modified":"2013-06-27T14:29:46","modified_gmt":"2013-06-27T13:29:46","slug":"oobe-symulator","status":"publish","type":"page","link":"http:\/\/purplecat.oobe.pl\/index.php\/oobe-symulator","title":{"rendered":"OOBE SYMULATOR"},"content":{"rendered":"<p><a href=\"http:\/\/www.neurotechnologia.pl\/bestnews\/uid\/tester_1_tlid_42\"><img decoding=\"async\" src=\"http:\/\/lavenmint.pl\/images\/uploads\/Caymaya\/OOBESymulatorTrans3D377.png\"><\/a><br \/>\n&nbsp;<\/p>\n<p>Symulatora wychodzenia z cia\u0142a.<br \/>\nWidzia\u0142em drzwi, mg\u0142\u0119, unosi\u0142em si\u0119 w powietrzu, lecia\u0142em.<br \/>\nMia\u0142em pe\u0142en transodjazd s\u0142uchaj\u0105c &#8222;Wyj\u015bcia z Cia\u0142a&#8221;.<\/p>\n<p><a href=\"http:\/\/www.neurotechnologia.pl\/bestnews\/jrox.php?uid=tester&amp;jxURL=http:\/\/lavenmint.pl\/witaj_w_ukrytej_kategorii_podrozniku\/t\/prod_106.html\">-&gt; Pobierz tutaj Ca\u0142y Symulator OOBE.<\/a><\/p>\n<p>Samo to nagranie warte jest ceny ca\u0142ego 3 p\u0142ytowego pakietu.<br \/>\nNajpierw jest trans czyli wej\u015bcie w stan konieczny przy dokonywaniu projekcji astralnej (OOBE).<br \/>\nNast\u0119pnie wibracje! Czyli oddzielenie od cia\u0142a, prosto<br \/>\nz lektorem m\u00f3wi\u0105cy krok po kroku co i jak.<br \/>\nI fina\u0142. Swobodny Lot czyli latasz gdzie chcesz jak chcesz<br \/>\n<a href=\"http:\/\/www.neurotechnologia.pl\/bestnews\/jrox.php?uid=tester&amp;jxURL=http:\/\/lavenmint.pl\/witaj_w_ukrytej_kategorii_podrozniku\/t\/prod_106.html\">Zobacz Wi\u0119cej o nagraniach<\/a><\/p>\n<p>W zestawie s\u0105 nagrania i instrukcje video. To ca\u0142y multimedialny kurs.<\/p>\n<p>Zobacz, pos\u0142uchaj, baw si\u0119<br \/>\nPurple Cat<\/p>\n<p>P.S. Jak kto\u015b ma ju\u017c nagranie <a href=\"http:\/\/www.neurotechnologia.pl\/bestnews\/uid\/tester_1_tlid_38\">Trans\u00a0 <\/a>to niech do po zakupie<br \/>\nwystarczy wp\u0142aci\u0107 r\u00f3\u017cnic\u0119 w cenie mi\u0119dzy nagraniem a pakietem.<br \/>\nTo jest dobry sklep \ud83d\ude42 <a href=\"http:\/\/www.neurotechnologia.pl\/bestnews\/jrox.php?uid=tester&amp;jxURL=http:\/\/lavenmint.pl\/witaj_w_ukrytej_kategorii_podrozniku\/t\/prod_106.html\">testuj<\/a><\/p>\n","protected":false},"excerpt":{"rendered":"<p>&nbsp; Symulatora wychodzenia z cia\u0142a. Widzia\u0142em drzwi, mg\u0142\u0119, unosi\u0142em si\u0119 w powietrzu, lecia\u0142em. Mia\u0142em pe\u0142en transodjazd s\u0142uchaj\u0105c &#8222;Wyj\u015bcia z Cia\u0142a&#8221;. -&gt; Pobierz tutaj Ca\u0142y Symulator OOBE. Samo to nagranie warte jest ceny ca\u0142ego 3 p\u0142ytowego pakietu. Najpierw jest trans czyli wej\u015bcie w stan konieczny przy dokonywaniu projekcji astralnej (OOBE). Nast\u0119pnie wibracje! Czyli oddzielenie od cia\u0142a, [&hellip;]<\/p>\n","protected":false},"author":2,"featured_media":0,"parent":0,"menu_order":0,"comment_status":"open","ping_status":"open","template":"","meta":{"footnotes":""},"class_list":["post-570","page","type-page","status-publish","hentry"],"_links":{"self":[{"href":"http:\/\/purplecat.oobe.pl\/index.php\/wp-json\/wp\/v2\/pages\/570","targetHints":{"allow":["GET"]}}],"collection":[{"href":"http:\/\/purplecat.oobe.pl\/index.php\/wp-json\/wp\/v2\/pages"}],"about":[{"href":"http:\/\/purplecat.oobe.pl\/index.php\/wp-json\/wp\/v2\/types\/page"}],"author":[{"embeddable":true,"href":"http:\/\/purplecat.oobe.pl\/index.php\/wp-json\/wp\/v2\/users\/2"}],"replies":[{"embeddable":true,"href":"http:\/\/purplecat.oobe.pl\/index.php\/wp-json\/wp\/v2\/comments?post=570"}],"version-history":[{"count":8,"href":"http:\/\/purplecat.oobe.pl\/index.php\/wp-json\/wp\/v2\/pages\/570\/revisions"}],"predecessor-version":[{"id":714,"href":"http:\/\/purplecat.oobe.pl\/index.php\/wp-json\/wp\/v2\/pages\/570\/revisions\/714"}],"wp:attachment":[{"href":"http:\/\/purplecat.oobe.pl\/index.php\/wp-json\/wp\/v2\/media?parent=570"}],"curies":[{"name":"wp","href":"https:\/\/api.w.org\/{rel}","templated":true}]}}